er when 4412 is divided by 470?
182
Calculate the remainder when 361864472 is divided by 3959.
3954
What is the remainder when 23092156 is divided by 694?
0
What is the remainder when 425043 is divided by 979?
157
What is the remainder when 8466 is divided by 8039?
427
Calculate the remainder when 6057898 is divided by 159.
157
What is the remainder when 884331 is divided by 98257?
18
What is the remainder when 888851 is divided by 222212?
3
What is the remainder when 74852 is divided by 2266?
74
Calculate the remainder when 5281821 is divided by 20393.
34
Calculate the remainder when 733637 is divided by 2329.
2
What is the remainder when 1497773 is divided by 2875?
2773
What is the remainder when 1266950 is divided by 222?
218
What is the remainder when 17547351 is divided by 99?
96
Calculate the remainder when 265524 is divided by 66371.
40
What is the remainder when 18971759 is divided by 12?
11
Calculate the remainder when 680168004 is divided by 822.
816
What is the remainder when 35318412 is divided by 60789?
3
Calculate the remainder when 5358510 is divided by 2085.
60
What is the remainder when 3496929 is divided by 734?
153
What is the remainder when 4444 is divided by 683?
346
What is the remainder when 785033 is divided by 2?
1
What is the remainder when 37852997 is divided by 305266?
13
Calculate the remainder when 94910856 is divided by 134.
130
Calculate the remainder when 607820796 is divided by 1879.
1876
What is the remainder when 6152618 is divided by 25?
18
Calculate the remainder when 35084 is divided by 595.
574
Calculate the remainder when 320677 is divided by 261.
169
Calculate the remainder when 415371 is divided by 143.
99
What is the remainder when 400134 is divided by 32903?
5298
Calculate the remainder when 286935 is divided by 8611.
2772
Calculate the remainder when 63653111 is divided by 129.
125
What is the remainder when 581195 is divided by 23232?
395
Calculate the remainder when 1317070 is divided by 438987.
109
What is the remainder when 65241291 is divided by 424?
411
What is the remainder when 8165131 is divided by 41447?
72
Calculate the remainder when 7631030 is divided by 3815386.
258
Calculate the remainder when 1571567 is divided by 785607.
353
Calculate the remainder when 6510931 is divided by 255.
16
What is the remainder when 486441 is divided by 1074?
993
What is the remainder when 61131 is divided by 28464?
4203
Calculate the remainder when 4658639 is divided by 2065.
2064
What is the remainder when 171794 is divided by 157?
36
Calculate the remainder when 50123837 is divided by 25061903.
31
Calculate the remainder when 2709967 is divided by 1000.
967
Calculate the remainder when 23258947 is divided by 650.
647
What is the remainder when 29861991 is divided by 280?
271
Calculate the remainder when 38654574 is divided by 39.
36
Calculate the remainder when 183517 is divided by 30579.
43
Calculate the remainder when 14667046 is divided by 72.
70
What is the remainder when 27082 is divided by 465?
112
What is the remainder when 22662 is divided by 20156?
2506
Calculate the remainder when 1738474 is divided by 91496.
50
What is the remainder when 23385064 is divided by 1670361?
10
Calculate the remainder when 4796316 is divided by 29606.
144
What is the remainder when 315196 is divided by 554?
524
What is the remainder when 997046 is divided by 4386?
1424
Calculate the remainder when 169418 is divided by 21109.
546
What is the remainder when 16842606 is divided by 2884?
46
What is the remainder when 1163084 is divided by 35?
34
Calculate the remainder when 41186 is divided by 6613.
1508
Calculate the remainder when 48512838 is divided by 17.
6
Calculate the remainder when 87353 is divided by 6687.
422
Calculate the remainder when 18841987 is divided by 15.
7
Calculate the remainder when 8841361 is divided by 2947119.
4
Calculate the remainder when 5537754 is divided by 119.
89
What is the remainder when 198957 is divided by 5486?
1461
What is the remainder when 1779182 is divided by 168?
62
What is the remainder when 156682 is divided by 2996?
890
What is the remainder when 301747 is divided by 450?
247
What is the remainder when 17526824 is divided by 74?
72
Calculate the remainder when 113527 is divided by 12.
7
Calculate the remainder when 1417518 is divided by 778.
2
Calculate the remainder when 12217168 is divided by 19.
16
Calculate the remainder when 55141 is divided by 27528.
85
Calculate the remainder when 30993 is divided by 257.
153
What is the remainder when 16158905 is divided by 41?
26
What is the remainder when 387181 is divided by 1588?
1297
What is the remainder when 49897198 is divided by 6167?
1
Calculate the remainder when 59608920 is divided by 1922.
12
Calculate the remainder when 1720089 is divided by 249.
246
Calculate the remainder when 1058434 is divided by 319.
311
Calculate the remainder when 1372684 is divided by 23.
21
What is the remainder when 13318320 is divided by 293?
5
What is the remainder when 220894438 is divided by 860?
858
What is the remainder when 5084916 is divided by 411?
24
What is the remainder when 7306196 is divided by 69?
62
Calculate the remainder when 3719270 is divided by 265660.
30
Calculate the remainder when 933202 is divided by 466588.
26
What is the remainder when 915502 is divided by 202?
38
Calculate the remainder when 222079 is divided by 2551.
142
What is the remainder when 1007329 is divided by 25173?
409
Calculate the remainder when 102916 is divided by 17145.
46
What is the remainder when 617872 is divided by 15842?
34
What is the remainder when 163640 is divided by 54544?
8
Calculate the remainder when 47356 is divided by 23335.
686
What is the remainder when 1720086 is divided by 1828?
1766
Calculate the remainder when 11218994 is divided by 1869832.
2
What is the remainder when 57720947 is divided by 595?
592
What is the remainder when 802735 is divided by 22932?
115
What is the remainder when 1781240 is divided by 939?
896
What is the remainder when 2764762 is divided by 2071?
2048
What is the remainder when 4628249 is divided by 1157061?
5
What is the remainder when 43013167 is divided by 980?
967
Calculate the remainder when 360470 is divided by 5.
0
Calculate the remainder when 486639544 is divided by 672.
664
Calculate the remainder when 18346666 is divided by 12.
10
What is the remainder when 164783350 is divided by 67?
66
Calculate the remainder when 104472 is divided by 34584.
720
What is the remainder when 689503 is divided by 68690?
2603
Calculate the remainder when 3053676 is divided by 1064.
1060
Calculate the remainder when 27180548 is divided by 554704.
52
Calculate the remainder when 39454197 is divided by 120.
117
What is the remainder when 14240274 is divided by 544?
530
Calculate the remainder when 376714 is divided by 941.
314
Calculate the remainder when 1670788 is divided by 626.
620
Calculate the remainder when 383573 is divided by 870.
773
What is the remainder when 1464287 is divided by 1971?
1805
Calculate the remainder when 5822343 is divided by 970.
403
What is the remainder when 8391745 is divided by 67?
62
Calculate the remainder when 4468428 is divided by 202.
188
Calculate the remainder when 90564 is divided by 8992.
644
Calculate the remainder when 55221 is divided by 27540.
141
What is the remainder when 30601952 is divided by 115?
107
What is the remainder when 81207876 is divided by 1061?
1058
Calculate the remainder when 434030239 is divided by 14.
13
Calculate the remainder when 392140 is divided by 128772.
5824
What is the remainder when 74384337 is divided by 63?
48
What is the remainder when 54669 is divided by 6679?
1237
What is the remainder when 157136 is divided by 13087?
92
What is the remainder when 1814828 is divided by 1396?
28
Calculate the remainder when 933338 is divided by 29.
2
Calculate the remainder when 1697187 is divided by 73790.
17
Calculate the remainder when 4130683 is divided by 116.
39
What is the remainder when 29623307 is divided by 3481?
3478
What is the remainder when 7186483 is divided by 47?
42
Calculate the remainder when 1219210845 is divided by 171.
168
Calculate the remainder when 220038 is divided by 11807.
7512
Calculate the remainder when 1694396 is divi